{"id":668,"date":"2026-03-03T18:38:10","date_gmt":"2026-03-03T17:38:10","guid":{"rendered":"https:\/\/suesin-gartenservice.de\/?page_id=668"},"modified":"2026-03-03T23:52:17","modified_gmt":"2026-03-03T22:52:17","slug":"winterdienst","status":"publish","type":"page","link":"https:\/\/suesin-dienstleistung.de\/?page_id=668","title":{"rendered":"Winterdienst"},"content":{"rendered":"\n<style type=\"text\/css\" data-created_by=\"avia_inline_auto\" id=\"style-css-av-mmb7dh9j-c30569c3402e2354efdf9943c11b8a8e\">\n.avia-accordion.av-mmb7dh9j-c30569c3402e2354efdf9943c11b8a8e{\nmax-height:430px;\n}\n.avia-accordion.av-mmb7dh9j-c30569c3402e2354efdf9943c11b8a8e .aviaccordion-preview{\nwidth:50.1%;\n}\n.avia-accordion .aviaccordion-slide.av-mmb7dh9j-c30569c3402e2354efdf9943c11b8a8e__0{\nleft:0%;\n}\n.avia-accordion .aviaccordion-slide.av-mmb7dh9j-c30569c3402e2354efdf9943c11b8a8e__1{\nleft:50%;\n}\n<\/style>\n<div  id=\"accordion_slider_1\"  class='aviaccordion avia-accordion av-mmb7dh9j-c30569c3402e2354efdf9943c11b8a8e aviaccordion-title-inactive ' data-av-maxheight='430' data-autoplay='true' data-interval='3'   itemscope=\"itemscope\" itemtype=\"https:\/\/schema.org\/Blog\" ><ul class=\"aviaccordion-inner\"><li class='aviaccordion-slide av-mmb7dh9j-c30569c3402e2354efdf9943c11b8a8e__0 aviaccordion-slide-1' data-av-left='0'  itemscope=\"itemscope\" itemtype=\"https:\/\/schema.org\/CreativeWork\" ><a class='aviaccordion-slide-link noHover' href=\"https:\/\/suesin-dienstleistung.de\/wp-content\/uploads\/2021\/11\/2-1030x690.png\" data-srcset=\"https:\/\/suesin-dienstleistung.de\/wp-content\/uploads\/2021\/11\/2-1030x690.png 1030w, https:\/\/suesin-dienstleistung.de\/wp-content\/uploads\/2021\/11\/2-300x201.png 300w, https:\/\/suesin-dienstleistung.de\/wp-content\/uploads\/2021\/11\/2-768x514.png 768w, https:\/\/suesin-dienstleistung.de\/wp-content\/uploads\/2021\/11\/2-1536x1028.png 1536w, https:\/\/suesin-dienstleistung.de\/wp-content\/uploads\/2021\/11\/2-2048x1371.png 2048w, https:\/\/suesin-dienstleistung.de\/wp-content\/uploads\/2021\/11\/2-1500x1004.png 1500w, https:\/\/suesin-dienstleistung.de\/wp-content\/uploads\/2021\/11\/2-705x472.png 705w\" data-sizes=\"(max-width: 1030px) 100vw, 1030px\"  title=\"2\" ><div class='aviaccordion-preview '><\/div><img decoding=\"async\" width=\"1500\" height=\"430\" data-src=\"https:\/\/suesin-dienstleistung.de\/wp-content\/uploads\/2021\/11\/2-1500x430.png\" class=\"aviaccordion-image lazyload\" alt=\"\" src=\"data:image\/svg+xml;base64,PHN2ZyB3aWR0aD0iMSIgaGVpZ2h0PSIxIiB4bWxucz0iaHR0cDovL3d3dy53My5vcmcvMjAwMC9zdmciPjwvc3ZnPg==\" style=\"--smush-placeholder-width: 1500px; --smush-placeholder-aspect-ratio: 1500\/430;\" \/><\/a><\/li><li class='aviaccordion-slide av-mmb7dh9j-c30569c3402e2354efdf9943c11b8a8e__1 aviaccordion-slide-2' data-av-left='50'  itemscope=\"itemscope\" itemtype=\"https:\/\/schema.org\/CreativeWork\" ><a class='aviaccordion-slide-link noHover' href=\"https:\/\/suesin-dienstleistung.de\/wp-content\/uploads\/2021\/11\/3.jpg\" data-srcset=\"https:\/\/suesin-dienstleistung.de\/wp-content\/uploads\/2021\/11\/3.jpg 1000w, https:\/\/suesin-dienstleistung.de\/wp-content\/uploads\/2021\/11\/3-300x180.jpg 300w, https:\/\/suesin-dienstleistung.de\/wp-content\/uploads\/2021\/11\/3-768x461.jpg 768w, https:\/\/suesin-dienstleistung.de\/wp-content\/uploads\/2021\/11\/3-705x423.jpg 705w\" data-sizes=\"(max-width: 1000px) 100vw, 1000px\"  title=\"3\" ><div class='aviaccordion-preview '><\/div><img decoding=\"async\" width=\"1000\" height=\"430\" data-src=\"https:\/\/suesin-dienstleistung.de\/wp-content\/uploads\/2021\/11\/3-1000x430.jpg\" class=\"aviaccordion-image lazyload\" alt=\"\" src=\"data:image\/svg+xml;base64,PHN2ZyB3aWR0aD0iMSIgaGVpZ2h0PSIxIiB4bWxucz0iaHR0cDovL3d3dy53My5vcmcvMjAwMC9zdmciPjwvc3ZnPg==\" style=\"--smush-placeholder-width: 1000px; --smush-placeholder-aspect-ratio: 1000\/430;\" \/><\/a><\/li><\/ul><div class='aviaccordion-spacer' style='padding-bottom:28.6666666667%'><\/div><\/div>\n<section  class='av_textblock_section av-mmaw0668-37b581c9ef1b0d01acd3bbf5650ea0fc'  itemscope=\"itemscope\" itemtype=\"https:\/\/schema.org\/CreativeWork\" ><div class='avia_textblock'  itemprop=\"text\" ><p>Winterdienst<\/p>\n<p>Wir \u00fcbernehmen zuverl\u00e4ssig den Winterdienst f\u00fcr private und gewerbliche Fl\u00e4chen in Erlensee und Umgebung.<\/p>\n<p>Unsere Leistungen im Winter:<br \/>\n\t\u2022\tSchneer\u00e4umung von Gehwegen und Einfahrten<br \/>\n\t\u2022\tStreudienst bei Gl\u00e4tte<br \/>\n\t\u2022\tRegelm\u00e4\u00dfige Kontrollfahrten<br \/>\n\t\u2022\tEinsatz auch in den fr\u00fchen Morgenstunden<\/p>\n<p>Verlassen Sie sich auf unseren zuverl\u00e4ssigen Service \u2013 damit Ihre Wege sicher und frei bleiben.<\/p>\n<p>Jetzt unverbindlich anfragen!<\/p>\n<\/div><\/section>\n","protected":false},"excerpt":{"rendered":"","protected":false},"author":2,"featured_media":0,"parent":0,"menu_order":0,"comment_status":"closed","ping_status":"closed","template":"","meta":{"footnotes":""},"class_list":["post-668","page","type-page","status-publish","hentry"],"yoast_head":"<!-- This site is optimized with the Yoast SEO plugin v27.3 - https:\/\/yoast.com\/product\/yoast-seo-wordpress\/ -->\n<title>Winterdienst &#187; S\u00fcsin-Dienstleistung<\/title>\n<meta name=\"description\" content=\"Zuverl\u00e4ssiger Winterdienst in Erlensee und Umgebung. Schneer\u00e4umung und Streudienst f\u00fcr private und gewerbliche Fl\u00e4chen. Jetzt unverbindlich anfragen!\" \/>\n<meta name=\"robots\" content=\"index, follow, max-snippet:-1, max-image-preview:large, max-video-preview:-1\" \/>\n<link rel=\"canonical\" href=\"https:\/\/suesin-dienstleistung.de\/?page_id=668\" \/>\n<meta property=\"og:locale\" content=\"de_DE\" \/>\n<meta property=\"og:type\" content=\"article\" \/>\n<meta property=\"og:title\" content=\"Winterdienst &#187; S\u00fcsin-Dienstleistung\" \/>\n<meta property=\"og:description\" content=\"Zuverl\u00e4ssiger Winterdienst in Erlensee und Umgebung. Schneer\u00e4umung und Streudienst f\u00fcr private und gewerbliche Fl\u00e4chen. Jetzt unverbindlich anfragen!\" \/>\n<meta property=\"og:url\" content=\"https:\/\/suesin-dienstleistung.de\/?page_id=668\" \/>\n<meta property=\"og:site_name\" content=\"S\u00fcsin-Dienstleistung\" \/>\n<meta property=\"article:modified_time\" content=\"2026-03-03T22:52:17+00:00\" \/>\n<meta name=\"twitter:card\" content=\"summary_large_image\" \/>\n<meta name=\"twitter:label1\" content=\"Gesch\u00e4tzte Lesezeit\" \/>\n\t<meta name=\"twitter:data1\" content=\"2\u00a0Minuten\" \/>\n<script type=\"application\/ld+json\" class=\"yoast-schema-graph\">{\"@context\":\"https:\\\/\\\/schema.org\",\"@graph\":[{\"@type\":\"WebPage\",\"@id\":\"https:\\\/\\\/suesin-dienstleistung.de\\\/?page_id=668\",\"url\":\"https:\\\/\\\/suesin-dienstleistung.de\\\/?page_id=668\",\"name\":\"Winterdienst &#187; S\u00fcsin-Dienstleistung\",\"isPartOf\":{\"@id\":\"https:\\\/\\\/suesin-dienstleistung.de\\\/#website\"},\"datePublished\":\"2026-03-03T17:38:10+00:00\",\"dateModified\":\"2026-03-03T22:52:17+00:00\",\"description\":\"Zuverl\u00e4ssiger Winterdienst in Erlensee und Umgebung. Schneer\u00e4umung und Streudienst f\u00fcr private und gewerbliche Fl\u00e4chen. Jetzt unverbindlich anfragen!\",\"breadcrumb\":{\"@id\":\"https:\\\/\\\/suesin-dienstleistung.de\\\/?page_id=668#breadcrumb\"},\"inLanguage\":\"de\",\"potentialAction\":[{\"@type\":\"ReadAction\",\"target\":[\"https:\\\/\\\/suesin-dienstleistung.de\\\/?page_id=668\"]}]},{\"@type\":\"BreadcrumbList\",\"@id\":\"https:\\\/\\\/suesin-dienstleistung.de\\\/?page_id=668#breadcrumb\",\"itemListElement\":[{\"@type\":\"ListItem\",\"position\":1,\"name\":\"Startseite\",\"item\":\"https:\\\/\\\/suesin-dienstleistung.de\\\/?page_id=79\"},{\"@type\":\"ListItem\",\"position\":2,\"name\":\"Winterdienst\"}]},{\"@type\":\"WebSite\",\"@id\":\"https:\\\/\\\/suesin-dienstleistung.de\\\/#website\",\"url\":\"https:\\\/\\\/suesin-dienstleistung.de\\\/\",\"name\":\"Garten-Service S\u00fcsin\",\"description\":\"aus Erlensee\",\"publisher\":{\"@id\":\"https:\\\/\\\/suesin-dienstleistung.de\\\/#organization\"},\"potentialAction\":[{\"@type\":\"SearchAction\",\"target\":{\"@type\":\"EntryPoint\",\"urlTemplate\":\"https:\\\/\\\/suesin-dienstleistung.de\\\/?s={search_term_string}\"},\"query-input\":{\"@type\":\"PropertyValueSpecification\",\"valueRequired\":true,\"valueName\":\"search_term_string\"}}],\"inLanguage\":\"de\"},{\"@type\":\"Organization\",\"@id\":\"https:\\\/\\\/suesin-dienstleistung.de\\\/#organization\",\"name\":\"S\u00fcsin-Dienstleistung\",\"alternateName\":\"S\u00fcsin-Dienstleistung\",\"url\":\"https:\\\/\\\/suesin-dienstleistung.de\\\/\",\"logo\":{\"@type\":\"ImageObject\",\"inLanguage\":\"de\",\"@id\":\"https:\\\/\\\/suesin-dienstleistung.de\\\/#\\\/schema\\\/logo\\\/image\\\/\",\"url\":\"https:\\\/\\\/suesin-dienstleistung.de\\\/wp-content\\\/uploads\\\/2021\\\/04\\\/1.png\",\"contentUrl\":\"https:\\\/\\\/suesin-dienstleistung.de\\\/wp-content\\\/uploads\\\/2021\\\/04\\\/1.png\",\"width\":289,\"height\":279,\"caption\":\"S\u00fcsin-Dienstleistung\"},\"image\":{\"@id\":\"https:\\\/\\\/suesin-dienstleistung.de\\\/#\\\/schema\\\/logo\\\/image\\\/\"}}]}<\/script>\n<!-- \/ Yoast SEO plugin. -->","yoast_head_json":{"title":"Winterdienst &#187; S\u00fcsin-Dienstleistung","description":"Zuverl\u00e4ssiger Winterdienst in Erlensee und Umgebung. Schneer\u00e4umung und Streudienst f\u00fcr private und gewerbliche Fl\u00e4chen. Jetzt unverbindlich anfragen!","robots":{"index":"index","follow":"follow","max-snippet":"max-snippet:-1","max-image-preview":"max-image-preview:large","max-video-preview":"max-video-preview:-1"},"canonical":"https:\/\/suesin-dienstleistung.de\/?page_id=668","og_locale":"de_DE","og_type":"article","og_title":"Winterdienst &#187; S\u00fcsin-Dienstleistung","og_description":"Zuverl\u00e4ssiger Winterdienst in Erlensee und Umgebung. Schneer\u00e4umung und Streudienst f\u00fcr private und gewerbliche Fl\u00e4chen. Jetzt unverbindlich anfragen!","og_url":"https:\/\/suesin-dienstleistung.de\/?page_id=668","og_site_name":"S\u00fcsin-Dienstleistung","article_modified_time":"2026-03-03T22:52:17+00:00","twitter_card":"summary_large_image","twitter_misc":{"Gesch\u00e4tzte Lesezeit":"2\u00a0Minuten"},"schema":{"@context":"https:\/\/schema.org","@graph":[{"@type":"WebPage","@id":"https:\/\/suesin-dienstleistung.de\/?page_id=668","url":"https:\/\/suesin-dienstleistung.de\/?page_id=668","name":"Winterdienst &#187; S\u00fcsin-Dienstleistung","isPartOf":{"@id":"https:\/\/suesin-dienstleistung.de\/#website"},"datePublished":"2026-03-03T17:38:10+00:00","dateModified":"2026-03-03T22:52:17+00:00","description":"Zuverl\u00e4ssiger Winterdienst in Erlensee und Umgebung. Schneer\u00e4umung und Streudienst f\u00fcr private und gewerbliche Fl\u00e4chen. Jetzt unverbindlich anfragen!","breadcrumb":{"@id":"https:\/\/suesin-dienstleistung.de\/?page_id=668#breadcrumb"},"inLanguage":"de","potentialAction":[{"@type":"ReadAction","target":["https:\/\/suesin-dienstleistung.de\/?page_id=668"]}]},{"@type":"BreadcrumbList","@id":"https:\/\/suesin-dienstleistung.de\/?page_id=668#breadcrumb","itemListElement":[{"@type":"ListItem","position":1,"name":"Startseite","item":"https:\/\/suesin-dienstleistung.de\/?page_id=79"},{"@type":"ListItem","position":2,"name":"Winterdienst"}]},{"@type":"WebSite","@id":"https:\/\/suesin-dienstleistung.de\/#website","url":"https:\/\/suesin-dienstleistung.de\/","name":"Garten-Service S\u00fcsin","description":"aus Erlensee","publisher":{"@id":"https:\/\/suesin-dienstleistung.de\/#organization"},"potentialAction":[{"@type":"SearchAction","target":{"@type":"EntryPoint","urlTemplate":"https:\/\/suesin-dienstleistung.de\/?s={search_term_string}"},"query-input":{"@type":"PropertyValueSpecification","valueRequired":true,"valueName":"search_term_string"}}],"inLanguage":"de"},{"@type":"Organization","@id":"https:\/\/suesin-dienstleistung.de\/#organization","name":"S\u00fcsin-Dienstleistung","alternateName":"S\u00fcsin-Dienstleistung","url":"https:\/\/suesin-dienstleistung.de\/","logo":{"@type":"ImageObject","inLanguage":"de","@id":"https:\/\/suesin-dienstleistung.de\/#\/schema\/logo\/image\/","url":"https:\/\/suesin-dienstleistung.de\/wp-content\/uploads\/2021\/04\/1.png","contentUrl":"https:\/\/suesin-dienstleistung.de\/wp-content\/uploads\/2021\/04\/1.png","width":289,"height":279,"caption":"S\u00fcsin-Dienstleistung"},"image":{"@id":"https:\/\/suesin-dienstleistung.de\/#\/schema\/logo\/image\/"}}]}},"_links":{"self":[{"href":"https:\/\/suesin-dienstleistung.de\/index.php?rest_route=\/wp\/v2\/pages\/668","targetHints":{"allow":["GET"]}}],"collection":[{"href":"https:\/\/suesin-dienstleistung.de\/index.php?rest_route=\/wp\/v2\/pages"}],"about":[{"href":"https:\/\/suesin-dienstleistung.de\/index.php?rest_route=\/wp\/v2\/types\/page"}],"author":[{"embeddable":true,"href":"https:\/\/suesin-dienstleistung.de\/index.php?rest_route=\/wp\/v2\/users\/2"}],"replies":[{"embeddable":true,"href":"https:\/\/suesin-dienstleistung.de\/index.php?rest_route=%2Fwp%2Fv2%2Fcomments&post=668"}],"version-history":[{"count":10,"href":"https:\/\/suesin-dienstleistung.de\/index.php?rest_route=\/wp\/v2\/pages\/668\/revisions"}],"predecessor-version":[{"id":671,"href":"https:\/\/suesin-dienstleistung.de\/index.php?rest_route=\/wp\/v2\/pages\/668\/revisions\/671"}],"wp:attachment":[{"href":"https:\/\/suesin-dienstleistung.de\/index.php?rest_route=%2Fwp%2Fv2%2Fmedia&parent=668"}],"curies":[{"name":"wp","href":"https:\/\/api.w.org\/{rel}","templated":true}]}}

<style type="text/css" data-created_by="avia_inline_auto" id="style-css-av-mmb7dh9j-c30569c3402e2354efdf9943c11b8a8e">
.avia-accordion.av-mmb7dh9j-c30569c3402e2354efdf9943c11b8a8e{
max-height:430px;
}
.avia-accordion.av-mmb7dh9j-c30569c3402e2354efdf9943c11b8a8e .aviaccordion-preview{
width:50.1%;
}
.avia-accordion .aviaccordion-slide.av-mmb7dh9j-c30569c3402e2354efdf9943c11b8a8e__0{
left:0%;
}
.avia-accordion .aviaccordion-slide.av-mmb7dh9j-c30569c3402e2354efdf9943c11b8a8e__1{
left:50%;
}
</style>
<div  id="accordion_slider_1"  class='aviaccordion avia-accordion av-mmb7dh9j-c30569c3402e2354efdf9943c11b8a8e aviaccordion-title-inactive ' data-av-maxheight='430' data-autoplay='true' data-interval='3'   itemscope="itemscope" itemtype="https://schema.org/Blog" ><ul class="aviaccordion-inner"><li class='aviaccordion-slide av-mmb7dh9j-c30569c3402e2354efdf9943c11b8a8e__0 aviaccordion-slide-1' data-av-left='0'  itemscope="itemscope" itemtype="https://schema.org/CreativeWork" ><a class='aviaccordion-slide-link noHover' href="https://suesin-dienstleistung.de/wp-content/uploads/2021/11/2-1030x690.png" data-srcset="https://suesin-dienstleistung.de/wp-content/uploads/2021/11/2-1030x690.png 1030w, https://suesin-dienstleistung.de/wp-content/uploads/2021/11/2-300x201.png 300w, https://suesin-dienstleistung.de/wp-content/uploads/2021/11/2-768x514.png 768w, https://suesin-dienstleistung.de/wp-content/uploads/2021/11/2-1536x1028.png 1536w, https://suesin-dienstleistung.de/wp-content/uploads/2021/11/2-2048x1371.png 2048w, https://suesin-dienstleistung.de/wp-content/uploads/2021/11/2-1500x1004.png 1500w, https://suesin-dienstleistung.de/wp-content/uploads/2021/11/2-705x472.png 705w" data-sizes="(max-width: 1030px) 100vw, 1030px"  title="2" ><div class='aviaccordion-preview '></div><img decoding="async" width="1500" height="430" data-src="https://suesin-dienstleistung.de/wp-content/uploads/2021/11/2-1500x430.png" class="aviaccordion-image lazyload" alt="" src="data:image/svg+xml;base64,PHN2ZyB3aWR0aD0iMSIgaGVpZ2h0PSIxIiB4bWxucz0iaHR0cDovL3d3dy53My5vcmcvMjAwMC9zdmciPjwvc3ZnPg==" style="--smush-placeholder-width: 1500px; --smush-placeholder-aspect-ratio: 1500/430;" /></a></li><li class='aviaccordion-slide av-mmb7dh9j-c30569c3402e2354efdf9943c11b8a8e__1 aviaccordion-slide-2' data-av-left='50'  itemscope="itemscope" itemtype="https://schema.org/CreativeWork" ><a class='aviaccordion-slide-link noHover' href="https://suesin-dienstleistung.de/wp-content/uploads/2021/11/3.jpg" data-srcset="https://suesin-dienstleistung.de/wp-content/uploads/2021/11/3.jpg 1000w, https://suesin-dienstleistung.de/wp-content/uploads/2021/11/3-300x180.jpg 300w, https://suesin-dienstleistung.de/wp-content/uploads/2021/11/3-768x461.jpg 768w, https://suesin-dienstleistung.de/wp-content/uploads/2021/11/3-705x423.jpg 705w" data-sizes="(max-width: 1000px) 100vw, 1000px"  title="3" ><div class='aviaccordion-preview '></div><img decoding="async" width="1000" height="430" data-src="https://suesin-dienstleistung.de/wp-content/uploads/2021/11/3-1000x430.jpg" class="aviaccordion-image lazyload" alt="" src="data:image/svg+xml;base64,PHN2ZyB3aWR0aD0iMSIgaGVpZ2h0PSIxIiB4bWxucz0iaHR0cDovL3d3dy53My5vcmcvMjAwMC9zdmciPjwvc3ZnPg==" style="--smush-placeholder-width: 1000px; --smush-placeholder-aspect-ratio: 1000/430;" /></a></li></ul><div class='aviaccordion-spacer' style='padding-bottom:28.6666666667%'></div></div>
<section  class='av_textblock_section av-mmaw0668-37b581c9ef1b0d01acd3bbf5650ea0fc'  itemscope="itemscope" itemtype="https://schema.org/CreativeWork" ><div class='avia_textblock'  itemprop="text" ><p>Winterdienst</p>
<p>Wir übernehmen zuverlässig den Winterdienst für private und gewerbliche Flächen in Erlensee und Umgebung.</p>
<p>Unsere Leistungen im Winter:<br />
	•	Schneeräumung von Gehwegen und Einfahrten<br />
	•	Streudienst bei Glätte<br />
	•	Regelmäßige Kontrollfahrten<br />
	•	Einsatz auch in den frühen Morgenstunden</p>
<p>Verlassen Sie sich auf unseren zuverlässigen Service – damit Ihre Wege sicher und frei bleiben.</p>
<p>Jetzt unverbindlich anfragen!</p>
</div></section>

<!-- This site is optimized with the Yoast SEO plugin v27.3 - https://yoast.com/product/yoast-seo-wordpress/ -->
<title>Winterdienst &#187; Süsin-Dienstleistung</title>
<meta name="description" content="Zuverlässiger Winterdienst in Erlensee und Umgebung. Schneeräumung und Streudienst für private und gewerbliche Flächen. Jetzt unverbindlich anfragen!" />
<meta name="robots" content="index, follow, max-snippet:-1, max-image-preview:large, max-video-preview:-1" />
<link rel="canonical" href="https://suesin-dienstleistung.de/?page_id=668" />
<meta property="og:locale" content="de_DE" />
<meta property="og:type" content="article" />
<meta property="og:title" content="Winterdienst &#187; Süsin-Dienstleistung" />
<meta property="og:description" content="Zuverlässiger Winterdienst in Erlensee und Umgebung. Schneeräumung und Streudienst für private und gewerbliche Flächen. Jetzt unverbindlich anfragen!" />
<meta property="og:url" content="https://suesin-dienstleistung.de/?page_id=668" />
<meta property="og:site_name" content="Süsin-Dienstleistung" />
<meta property="article:modified_time" content="2026-03-03T22:52:17+00:00" />
<meta name="twitter:card" content="summary_large_image" />
<meta name="twitter:label1" content="Geschätzte Lesezeit" />
	<meta name="twitter:data1" content="2 Minuten" />
<script type="application/ld+json" class="yoast-schema-graph">{"@context":"https:\/\/schema.org","@graph":[{"@type":"WebPage","@id":"https:\/\/suesin-dienstleistung.de\/?page_id=668","url":"https:\/\/suesin-dienstleistung.de\/?page_id=668","name":"Winterdienst &#187; Süsin-Dienstleistung","isPartOf":{"@id":"https:\/\/suesin-dienstleistung.de\/#website"},"datePublished":"2026-03-03T17:38:10+00:00","dateModified":"2026-03-03T22:52:17+00:00","description":"Zuverlässiger Winterdienst in Erlensee und Umgebung. Schneeräumung und Streudienst für private und gewerbliche Flächen. Jetzt unverbindlich anfragen!","breadcrumb":{"@id":"https:\/\/suesin-dienstleistung.de\/?page_id=668#breadcrumb"},"inLanguage":"de","potentialAction":[{"@type":"ReadAction","target":["https:\/\/suesin-dienstleistung.de\/?page_id=668"]}]},{"@type":"BreadcrumbList","@id":"https:\/\/suesin-dienstleistung.de\/?page_id=668#breadcrumb","itemListElement":[{"@type":"ListItem","position":1,"name":"Startseite","item":"https:\/\/suesin-dienstleistung.de\/?page_id=79"},{"@type":"ListItem","position":2,"name":"Winterdienst"}]},{"@type":"WebSite","@id":"https:\/\/suesin-dienstleistung.de\/#website","url":"https:\/\/suesin-dienstleistung.de\/","name":"Garten-Service Süsin","description":"aus Erlensee","publisher":{"@id":"https:\/\/suesin-dienstleistung.de\/#organization"},"potentialAction":[{"@type":"SearchAction","target":{"@type":"EntryPoint","urlTemplate":"https:\/\/suesin-dienstleistung.de\/?s={search_term_string}"},"query-input":{"@type":"PropertyValueSpecification","valueRequired":true,"valueName":"search_term_string"}}],"inLanguage":"de"},{"@type":"Organization","@id":"https:\/\/suesin-dienstleistung.de\/#organization","name":"Süsin-Dienstleistung","alternateName":"Süsin-Dienstleistung","url":"https:\/\/suesin-dienstleistung.de\/","logo":{"@type":"ImageObject","inLanguage":"de","@id":"https:\/\/suesin-dienstleistung.de\/#\/schema\/logo\/image\/","url":"https:\/\/suesin-dienstleistung.de\/wp-content\/uploads\/2021\/04\/1.png","contentUrl":"https:\/\/suesin-dienstleistung.de\/wp-content\/uploads\/2021\/04\/1.png","width":289,"height":279,"caption":"Süsin-Dienstleistung"},"image":{"@id":"https:\/\/suesin-dienstleistung.de\/#\/schema\/logo\/image\/"}}]}</script>
<!-- / Yoast SEO plugin. -->

Winterdienst &#187; Süsin-Dienstleistung

Zuverlässiger Winterdienst in Erlensee und Umgebung. Schneeräumung und Streudienst für private und gewerbliche Flächen. Jetzt unverbindlich anfragen!

Süsin-Dienstleistung

Garten-Service Süsin
